1. What are the prime factors of l?
2, 3
List the prime factors of ((-162)/(-45))/((-3)/(-230)) - 4.
2, 17
Let p(t) = t - 6. Let w be p(-6). Let h be ((-141)/w)/(1/(-4)). What are the prime factors of (-9)/12 + h/(-4)?
11
Let f(j) = -j**3 + 13*j**2 + 16*j - 14. What are the prime factors of f(14)?
2, 7
Let s be ((-3)/3)/((-3)/15). Let h = 10 - s. What are the prime factors of h?
5
Let q = 7 - 7. Let u be 14*(-2)/(2 + q). Let x = 22 + u. What are the prime factors of x?
2
Suppose -4*u = 4*m - 140, -6*m + 2*m = 0. What are the prime factors of u?
5, 7
Let r(w) = 5*w**2 - 4*w + 5. Let d(z) = 14*z**2 - 11*z + 15. Let m(n) = -6*d(n) + 17*r(n). What are the prime factors of m(4)?
3
Let g(o) = o**2 - 3*o - 5. Let v be g(5). Suppose 5*a + 5361 = -4*c + 405, 3*c + 4957 = -v*a. What are the prime factors of (-2)/(-7) - a/56?
2, 3
Let g = -26 - 0. Let h = 91 - 53. Let q = h + g. List the prime factors of q.
2, 3
Let k = -2 + 47. List the prime factors of 1512/k - (-4)/10.
2, 17
Let h(l) = -6*l - 4. What are the prime factors of h(-2)?
2
List the prime factors of 34*1/2 + 0.
17
Suppose -2*w - 5*l + 699 = 0, 3*l + 85 + 292 = w. Suppose -82 + w = -5*p. Let v = -40 - p. What are the prime factors of v?
2
Suppose -5*w + 55 = -30. List the prime factors of w.
17
Suppose 81*c + 244 = 83*c. List the prime factors of c.
2, 61
Let z be 28*((-40)/(-14) + -2). Let i = z - 15. What are the prime factors of i?
3
Let s = -5 - -4. Let b(q) = -4*q. What are the prime factors of b(s)?
2
What are the prime factors of -1*(2 - (2 - -34))?
2, 17
Suppose -421 - 233 = -3*k. List the prime factors of k.
2, 109
Let x(v) = -6*v - 1. Let m be x(-1). Suppose 2*o - o - m*f - 39 = 0, 0 = 5*o - 2*f - 80. List the prime factors of o.
2, 7
Suppose -12 = -4*d - 3*a, -5*d + 5*a - 18 = 2. Let u be 5/(-10) - (-14)/4. Suppose 3*q + 1 = 2*t + 12, d = u*q - 5*t - 14. List the prime factors of q.
3
Suppose 2*h - 14 = -3*g, 5*h - g - 35 = g. List the prime factors of h/(3/12 - 0).
2, 7
Let x(m) = m**3 + 12*m**2 - 21*m - 22. List the prime factors of x(-13).
2, 41
Suppose -2*z - 10 = -2*j - 2*j, -3*j + 9 = -z. List the prime factors of j.
2
Let h = -18 + 29. Suppose -2*g = -h - 7. What are the prime factors of g?
3
Suppose -4*c + 89 = -79. Let d = c + -23. What are the prime factors of d?
19
Suppose -5*v + 64 + 67 = -a, 3*a = 2*v - 55. What are the prime factors of (13/v)/(2/56)?
2, 7
Let d(l) be the second derivative of -l**3/6 - l**2/2 + 3*l. Let r(o) = -o**2 - 4*o - 5. Let n be r(-4). What are the prime factors of d(n)?
2
Let v(o) = -5 + 7*o + 2 + 0. List the prime factors of v(4).
5
Let a(n) = -7*n - 1. List the prime factors of a(-5).
2, 17
Suppose -77 = -5*h + 3. Suppose h = 4*a - 32. List the prime factors of a.
2, 3
Let f = 3 - 5. Let v be 28 + (2 - (-6)/f). What are the prime factors of 1 + 15 + v/(-9)?
13
Let p be (-108)/21*42/(-4). Suppose 0 = -0*c + 3*c - p. List the prime factors of c.
2, 3
Let u(b) = 2*b**2 + 8*b + 3. What are the prime factors of u(-6)?
3
Suppose 4*q + 76 = 3*l - 105, 4 = -4*q. What are the prime factors of l?
59
Let k(a) = -a + 5. List the prime factors of k(3).
2
Let v = 13 - 21. Let i = -5 - v. Suppose -3*z = o - 5, -o + i*z - 2 = -1. List the prime factors of o.
2
Let o = 10 - 15. List the prime factors of o/(-10) - 46/(-4).
2, 3
Let d(k) = k**3 - 3*k**2 + 4*k + 1. Let j(g) = 3*g - 3 + 5 + g**2 + 1. Let m be j(-3). What are the prime factors of d(m)?
13
Let b be (5/15)/(1/12). Suppose b*v - 5 - 7 = 0. Suppose -a + 7 = -m, a - v*m - 4 = -5*m. List the prime factors of a.
2, 3
Let l(i) = 26*i**2 - i. Suppose 0 = m + 2 - 3. List the prime factors of l(m).
5
List the prime factors of 18 + (6 - (3 - 1)).
2, 11
List the prime factors of (-3)/(-7) + 389/7.
2, 7
Suppose -30*a + 31*a = 81. List the prime factors of a.
3
Suppose 6*q = -154 + 670. What are the prime factors of q?
2, 43
Let x be ((-15)/6)/(2/4). List the prime factors of 3 - (-3 - (x - -2)).
3
Let q be (-2)/(-4) - 209/(-22). What are the prime factors of (39/(-15) - -3)*q?
2
Let v be 3*(-1 - 56)/(-3). Suppose 0 = -4*b - a + v, -2*b = b - 4*a - 38. List the prime factors of b.
2, 7
Let o be (-4)/8 + 85/(-2). Let g = 61 + o. List the prime factors of g.
2, 3
Suppose -2 = -2*j - 84. What are the prime factors of (1 - j)/((-6)/(-4))?
2, 7
Suppose -w + 0*s = -3*s - 48, -27 = -w - 4*s. Suppose -w = -3*o + 2*o. List the prime factors of o.
3, 13
Suppose 8*b - 1620 = -2*b. What are the prime factors of b?
2, 3
Let s = 4 + -3. What are the prime factors of s*(16 + 9/3)?
19
Let z = 10 - -1. List the prime factors of z.
11
Suppose x = 6*n - n - 1, 4*n - 4 = 0. Suppose 0 = 3*i + 5*v + 6, 4*i - 5*i + 15 = -x*v. Suppose i*s - s - 8 = 0. What are the prime factors of s?
2
Let y(t) be the third derivative of 0*t - 1/4*t**4 + 0 + 2*t**2 + 1/60*t**5 + 7/6*t**3. What are the prime factors of y(6)?
7
What are the prime factors of (-2)/(-8) + 1005/60?
17
Suppose 2*y = -j - 25 + 131, 5*j - 575 = -y. What are the prime factors of j?
2, 29
Suppose -r + 4 = 2. Suppose p - r = -o, -5*o + 7 + 1 = 4*p. Suppose n - 15 + 3 = o. What are the prime factors of n?
2, 3
Let v be ((-2)/4)/(2/40). Let x = 0 - v. What are the prime factors of x?
2, 5
Let r = 1 - -304. List the prime factors of r.
5, 61
Let f = 3 - 5. Let j = 4 - f. List the prime factors of j.
2, 3
Suppose -g + 6 = 2*p - 64, -2*g = 3*p - 136. List the prime factors of g.
2, 31
Suppose 238 = -10*p + 2948. What are the prime factors of p?
271
Let v be 26/3*6/4. Let z = -9 + v. Suppose 23 = 3*d - 9*i + z*i, -3*i = -d + 5. What are the prime factors of d?
11
Let z be (-50)/15*24/10. Let p = z - -31. What are the prime factors of p?
23
Let g = 2 - -7. Let s = g - 2. Suppose 0 = -0*m - m + s. What are the prime factors of m?
7
Let w be -1 + 2 - (-1)/1. Suppose w*z - 10 = z. What are the prime factors of z?
2, 5
List the prime factors of (3/(36/(-128)))/(5/(-15)).
2
Suppose 4*x - 5*h - 597 = 0, -4*x + 768 = h + 177. What are the prime factors of x?
2, 37
Let q(b) be the first derivative of b**4/4 - 7*b**3/3 + b**2 - 7*b - 3. List the prime factors of q(7).
7
Suppose -q - 160 = -6*q. List the prime factors of q.
2
Suppose -14 = -3*w + 2*k, 0 = -4*w - 5*k + 3 + 8. Suppose 88 = -4*q + 4*z, q + w*q = 2*z - 104. Let o = -12 - q. What are the prime factors of o?
2
Suppose 6*j - 14 = -2. What are the prime factors of j?
2
Suppose -9 = -3*x, -4*o - 7 = -x - 4. Let l = 6 + o. Let t(n) = n**3 - 7*n**2 + 7*n + 2. What are the prime factors of t(l)?
2
Let x be -2 - -3 - 1*-5. Suppose -w = -x*w + 35. List the prime factors of w.
7
Let z(w) = w + 43. List the prime factors of z(0).
43
Suppose -790 = -2*t - 3*t. Suppose -5*o + t + 37 = 0. List the prime factors of o.
3, 13
Let p = 1 + 4. Suppose -p*a + 168 = a. What are the prime factors of a?
2, 7
Let s(o) be the third derivative of o**6/120 + 2*o**5/15 + 7*o**4/24 + 3*o**3/2 + o**2. Let d = 17 - 24. What are the prime factors of s(d)?
3
What are the prime factors of (116/5)/(6/15)?
2, 29
Let q(b) = -6*b + 2. Let h be q(2). List the prime factors of 32*(-2 + h/(-4)).
2
Let n = 11 - 8. Let o be (n + -1)/(2/26). Suppose 5*h - 9 = o. List the prime factors of h.
7
Let k(m) = -1 - 8 + 5 + 4*m. Let u be k(3). Suppose -4 = -x + u. What are the prime factors of x?
2, 3
Suppose 2*p = -2*p + 104. Let q = p + 21. Suppose -5*o = 3*m - q, o - 11 = -4*m + 3*m. List the prime factors of o.
7
Let t = 82 - 25. List the prime factors of t.
3, 19
Let n = -9 - -6. Let i = 1 + n. List the prime factors of i + 3 + 1*8.
3
Suppose w + 2*c - 1 = 0, -5*c = -5*w - 0*c - 55. Suppose -t - 3*g = -12, -3*g + g - 2 = 0. Let o = w + t. What are the prime factors of o?
2
Let n = 0 - 9. What are the prime factors of (-3)/n*93/1?
31
Let s be (-12 - 3)*(3 - 8). Suppose 0 = -7*d + 2*d + s. List the prime factors of d.
3, 5
What are the prime factors of (-1001)/(-55) - (-1)/(-5)?
2, 3
Suppose -5*c = -0*r - 3*r + 987, 658 = 2*r - 4*c. List the prime factors of r.
7, 47
Let k be (-37)/(-2) + (-2)/4. Suppose 5*o = -7 - k. What are the prime factors of 7/2*(-3 - o)?
7
Suppose 2*u = 126 + 14. What are the prime factors of u?
2, 5, 7
Suppose -3*j + 68 = o - 3*o, 5*o - 130 = -5*j. What are the prime factors of j?
2, 3
Suppose -y - 20 = -52. What are the prime factors of y?
2
Suppose -185